and 112.
112
What is the highest common factor of 104 and 403?
13
Calculate the highest common divisor of 268 and 8.
4
What is the highest common divisor of 378 and 938?
14
Calculate the greatest common factor of 56 and 602.
14
Calculate the greatest common divisor of 72 and 624.
24
What is the highest common divisor of 632 and 1738?
158
Calculate the greatest common factor of 41235 and 15.
15
Calculate the greatest common factor of 4 and 43.
1
Calculate the highest common factor of 1 and 31.
1
What is the greatest common factor of 67 and 67?
67
What is the greatest common factor of 176 and 1782?
22
Calculate the highest common divisor of 40 and 20.
20
What is the highest common factor of 2 and 82?
2
What is the greatest common factor of 10 and 370?
10
Calculate the greatest common divisor of 132 and 1782.
66
What is the greatest common divisor of 10 and 28?
2
Calculate the highest common factor of 40 and 55.
5
What is the greatest common factor of 30 and 705?
15
What is the greatest common divisor of 248 and 155?
31
What is the highest common divisor of 1577 and 38?
19
What is the greatest common factor of 580 and 80?
20
What is the highest common factor of 45 and 1125?
45
Calculate the greatest common factor of 132 and 110.
22
What is the highest common factor of 300 and 1875?
75
What is the greatest common factor of 1816 and 56?
8
What is the highest common divisor of 645 and 258?
129
What is the greatest common factor of 221 and 2176?
17
What is the greatest common factor of 15 and 735?
15
Calculate the greatest common factor of 96 and 42.
6
Calculate the highest common divisor of 84 and 30.
6
Calculate the greatest common divisor of 8 and 128.
8
Calculate the highest common divisor of 15 and 4080.
15
Calculate the highest common factor of 1092 and 36.
12
Calculate the greatest common divisor of 84 and 36.
12
Calculate the greatest common factor of 18 and 20.
2
Calculate the highest common factor of 4250 and 10.
10
Calculate the highest common divisor of 852 and 312.
12
Calculate the greatest common factor of 8 and 3448.
8
Calculate the highest common divisor of 46 and 4577.
23
Calculate the highest common divisor of 19998 and 198.
198
What is the highest common divisor of 2210 and 34?
34
What is the highest common divisor of 105 and 280?
35
Calculate the greatest common divisor of 110 and 95.
5
What is the greatest common factor of 3010 and 20?
10
What is the highest common factor of 2 and 17?
1
What is the highest common divisor of 273 and 117?
39
Calculate the greatest common divisor of 110 and 88.
22
What is the highest common factor of 837 and 62?
31
Calculate the greatest common factor of 44 and 902.
22
Calculate the highest common factor of 205 and 41.
41
What is the highest common divisor of 4 and 724?
4
Calculate the highest common factor of 84 and 7512.
12
Calculate the greatest common factor of 12 and 4908.
12
Calculate the highest common factor of 12 and 20076.
12
What is the greatest common divisor of 19 and 247?
19
What is the greatest common divisor of 6 and 33?
3
What is the highest common factor of 4050 and 1782?
162
Calculate the highest common factor of 32 and 264.
8
Calculate the greatest common divisor of 297 and 36.
9
Calculate the highest common factor of 1349 and 710.
71
Calculate the highest common factor of 4 and 182.
2
What is the greatest common factor of 5620 and 220?
20
What is the highest common divisor of 2048 and 4?
4
What is the greatest common factor of 187 and 578?
17
What is the highest common factor of 3009 and 1947?
177
What is the greatest common factor of 126 and 2331?
63
Calculate the greatest common divisor of 414 and 920.
46
What is the greatest common factor of 42 and 182?
14
What is the greatest common divisor of 36 and 42?
6
What is the greatest common divisor of 4784 and 1040?
208
What is the highest common divisor of 42 and 105?
21
Calculate the greatest common divisor of 120 and 10848.
24
Calculate the highest common factor of 74 and 4514.
74
Calculate the highest common divisor of 158 and 14062.
158
Calculate the greatest common divisor of 116 and 754.
58
Calculate the highest common factor of 135 and 120.
15
Calculate the highest common factor of 2623 and 86.
43
Calculate the highest common factor of 136 and 34.
34
Calculate the highest common divisor of 5 and 135.
5
What is the greatest common factor of 922 and 4?
2
Calculate the highest common factor of 10 and 180.
10
What is the greatest common factor of 2484 and 756?
108
What is the greatest common divisor of 194 and 2?
2
Calculate the greatest common divisor of 782 and 46.
46
Calculate the highest common divisor of 56 and 63.
7
What is the greatest common divisor of 17 and 187?
17
Calculate the highest common divisor of 3012 and 48.
12
What is the greatest common factor of 225 and 9?
9
Calculate the highest common factor of 25 and 3025.
25
What is the highest common divisor of 252 and 28?
28
What is the highest common factor of 35 and 885?
5
Calculate the highest common factor of 36 and 189.
9
What is the highest common factor of 3227 and 7?
7
Calculate the highest common factor of 26 and 234.
26
What is the highest common factor of 1482 and 5814?
114
Calculate the greatest common divisor of 6102 and 162.
54
What is the highest common divisor of 295 and 35?
5
What is the greatest common factor of 510 and 204?
102
What is the greatest common divisor of 424 and 4558?
106
Calculate the greatest common divisor of 1127 and 46.
23
Calculate the greatest common factor of 14 and 5866.
14
What is the highest common divisor of 137604 and 12?
12
Calculate the highest common factor of 9 and 12.
3
Calculate the highest common factor of 1001 and 33.
11
What is the highest common factor of 352 and 1826?
22
What is the highest common divisor of 16 and 144?
16
What is the greatest common divisor of 88 and 33?
11
Calculate the greatest common factor of 40 and 23660.
20
What is the greatest common divisor of 105 and 147?
21
Calculate the highest common factor of 90 and 50.
10
Calculate the greatest common divisor of 1180 and 20.
20
Calculate the greatest common factor of 72 and 4344.
24
Calculate the highest common divisor of 19227 and 261.
87
What is the highest common factor of 51 and 595?
17
What is the greatest common factor of 1568 and 245?
49
Calculate the greatest common divisor of 612 and 36.
36
What is the highest common divisor of 168 and 52248?
168
What is the greatest common divisor of 18 and 1341?
9
Calculate the greatest common divisor of 1631 and 2097.
233
What is the greatest common factor of 36 and 1314?
18
What is the greatest common factor of 496 and 93?
31
Calculate the greatest common divisor of 588 and 108.
12
What is the greatest common factor of 55 and 1859?
11
What is the highest common factor of 702 and 90?
18
Calculate the greatest common factor of 275 and 22.
11
Calculate the highest common divisor of 36 and 4815.
9
What is the highest common divisor of 7719 and 93?
93
Calculate the highest common divisor of 84 and 1974.
42
What is the greatest common factor of 33 and 1639?
11
Calculate the highest common divisor of 598 and 4.
2
What is the highest common divisor of 6795 and 9?
9
What is the greatest common factor of 612 and 180?
36
Calculate the highest common divisor of 1081 and 207.
23
Calculate the highest common factor of 1305 and 720.
45
Calculate the greatest common factor of 140 and 1820.
140
Calculate the highest common factor of 12 and 948.
12
What is the highest common divisor of 168 and 126?
42
Calculate the greatest common factor of 256 and 68.
4
Calculate the highest common divisor of 17549 and 161.
161
What is the greatest common factor of 3 and 4?
1
What is the greatest common factor of 16 and 56?
8
What is the greatest common divisor of 53 and 2?
1
What is the greatest common divisor of 1390 and 30?
10
What is the greatest common divisor of 64 and 712?
8
What is the highest common divisor of 52 and 26?
26
What is the highest common divisor of 77 and 33?
11
What is the greatest common factor of 693 and 1323?
63
What is the highest common divisor of 230 and 736?
46
What is the greatest common factor of 2997 and 259?
37
What is the greatest common divisor of 702 and 594?
54
Calculate the greatest common fa